e -4*t + 2*t + r = 0. Suppose -v = t*v + 2*s - 32, 24 = 4*v + 4*s. Is v prime?
False
Let f = 5829 - 3955. Is f prime?
False
Is (-1801)/(-7) - (-20)/(-70) a composite number?
False
Let o(v) = 10*v**3 + 2*v**2 - 17. Is o(7) a prime number?
True
Let x be (0 + -4)*1/(-4). Suppose -c + 2 = -x. Is c prime?
True
Let i(q) = -q**3 - 6*q**2 - 7*q - 2. Let n be i(-5). Suppose w + n = 142. Is w a prime number?
False
Suppose r + 125 = 9. Is (2 + -2 - r) + -1 composite?
True
Let l = 208 + 157. Is l prime?
False
Let g = 1607 - 1086. Is g a prime number?
True
Suppose 247 = -4*c - m, 0 = -2*m - 0 + 10. Let y be c/(-12) + 2/(-8). Is 10/y - (-22 + 1) composite?
False
Let o be ((-2)/4)/(1/(-2)). Let r(f) = -3*f**2 + 4*f**2 + f**2 - f**2 + 114*f**3. Is r(o) composite?
True
Let c = 392 + 297. Suppose c - 2154 = -5*f. Is f a prime number?
True
Let r be 2 + -15 + (-9)/3. Let y be 1/((-2)/r)*2. Let k = y + -1. Is k a prime number?
False
Let x(j) = -j**3 - 6*j**2 - 2*j - 6. Let i be x(-6). Let u(a) = 8*a**2 + 5*a - 9. Is u(i) prime?
False
Suppose 4*d - o + 4 = 0, -8 - 4 = d - 3*o. Let h be d - 0 - 30/(-5). Let c = h - 3. Is c a composite number?
False
Suppose 4*b - 4*y + 5*y = -11, 3*b = 5*y - 37. Is (-42)/b*(-104)/(-12) a prime number?
False
Let c be 21/6 - (-1)/(-2). Suppose -c*z = -4*b + 38 - 2, 0 = -4*z - 16. Suppose -2*n = 0, 5*n - b*n + 235 = 5*a. Is a composite?
False
Let o = -492 + 990. Suppose 0 = 3*r - 0*r - o. Suppose 0*f - 2*f + r = 4*w, -5*w - 4*f + 203 = 0. Is w composite?
False
Suppose 0 = 3*o + m - 1414, 2*o - 2*m - 956 = -0*m. Is o composite?
True
Let r be -3 + 3 + 1*-33. Let h = r + 130. Is h a composite number?
False
Suppose 300 = -2*g + 3*j + 79, -5*j = -25. Let d = 252 + g. Is d prime?
True
Suppose 5*y - 4*k - 715 - 1450 = 0, 0 = -2*k + 10. Is y a composite number?
True
Suppose -4*x + 3905 = 1373. Is x a prime number?
False
Let p = 93 + -29. Suppose p = -3*f - 5. Let k = -1 - f. Is k a composite number?
True
Let c = -42 + 431. Is c a prime number?
True
Let j = -1 - -11. Suppose 0 = t - 2*b - 5, 0*b + 2*b = -4*t - j. Is 121*(0 + (0 - t)) a composite number?
True
Suppose 0 = v + 5 - 0, 4*v = 2*y - 10. Let s = y + 60. Is s composite?
True
Suppose p = u + 255, -p + 3*u - 5*u = -267. Let z = 129 + p. Suppose 7*g = 3*g + z. Is g a prime number?
True
Suppose 0*q = -q + 3149. Is q a prime number?
False
Let g(p) = 2*p**3 - 6 - 2 - 4 + p + 0 - 6*p**2. Is g(5) a composite number?
True
Let o(s) = 2*s**2 + 2*s - 5. Suppose -3*l - 9 = -30. Suppose -y = 5*x + l + 9, -y = 2*x + 10. Is o(y) composite?
True
Let o = 311 + -485. Is ((-6)/9)/(2/o) composite?
True
Let s(v) = -v**3 - v**2 + 2*v + 149. Is s(0) composite?
False
Let p(q) = -2*q**3 + 11*q**2 - 14*q + 12. Let i be p(10). Let y = -689 - i. Is y prime?
False
Let i(t) be the third derivative of t**5/60 + 7*t**4/24 - 7*t**3/6 - t**2. Let z be i(-6). Let p = -2 - z. Is p a composite number?
False
Suppose 4*t + 0*t - 5*n - 765 = 0, -745 = -4*t + n. Let f = 324 - t. Is f a prime number?
True
Suppose -3*o + 20 = 2*z - o, 5*z - 44 = -3*o. Suppose 268 = 4*r - k, 2*k - 275 = -4*r - z. Is r composite?
False
Suppose 3*i + 5*x + 13 = -12, i + 4*x = -20. Suppose i = 2*z - 1 - 5. Suppose -z*w - 4*u = -71, 0 = -7*w + 3*w - 4*u + 96. Is w a composite number?
True
Let g(j) = 60*j - 1. Suppose -5*u = -5*p + 5, p = -4*p - 5*u + 15. Suppose y = 3*y - p. Is g(y) composite?
False
Suppose 264 = 5*i - i. Suppose i = l - f - 4*f, -2*f + 10 = 0. Is l prime?
False
Suppose -f = 6*f - 13307. Is f a composite number?
False
Let v(f) = -33*f - 5. Is v(-12) a prime number?
False
Suppose -10 + 13 = -w. Is ((-222)/(-8))/(w/(-8)) a composite number?
True
Suppose -5*s = -4*s - 3, -5*l + 60 = -5*s. Let q be (2 - 1)*l - 2. Suppose -g = -6 - q. Is g a prime number?
True
Is 8 + 50 - 3*1 a prime number?
False
Suppose -3*i - i + 8 = 0. Let x(k) = 3*k + 5 + k**3 + 5 - k**i - 4*k. Is x(0) prime?
False
Let x be 16*(4 + -6 + 3). Let r = x + 37. Is r composite?
False
Let l(a) = a + 303. Let i be l(0). Suppose -63 = 4*s - i. Suppose -c - 3*c = -s. Is c prime?
False
Suppose -4*d + 20 = 0, w - 4*d = -w + 2258. Is w a prime number?
False
Let h(a) = 6*a**3 - 6*a**2 + 7*a - 13. Is h(6) composite?
False
Let r = 50 + 61. Let m = r + -34. Is m composite?
True
Suppose 326 - 33 = k. Is k a prime number?
True
Suppose 35 = f + 5*u, 3*f = 4*u - 0*u + 67. Is f a composite number?
True
Let g(o) = 2 - 3 + 33*o**2 + 14*o - 13*o - 4*o**2. Is g(3) a prime number?
True
Is ((-1126)/10)/((-12)/60) prime?
True
Suppose 2*p = 2*v - 162, 4*v - 3*p + 2*p = 318. Is v prime?
True
Let d = 16 - 123. Let h = 47 + -241. Let q = d - h. Is q prime?
False
Suppose -7*r = -195 - 778. Is r composite?
False
Let p(k) = k**2 + 8*k - 4. Let y be p(-9). Suppose 2*x + 381 = y*x. Is x composite?
False
Let r(g) = 2*g**2 + 17*g + 10. Let x(f) = f**2 + 9*f + 5. Let p(m) = 2*r(m) - 5*x(m). Is p(-7) prime?
True
Suppose 0 = -0*m + 2*m - 10. Suppose 111 = -2*s + m*s. Is s prime?
True
Suppose 18 = -z + 157. Is z a prime number?
True
Let b = -433 + 644. Is b a prime number?
True
Is (-88)/(-12)*(-18)/(-12) a prime number?
True
Let v be (-380)/3 - (-2)/(-6). Let w = v + 378. Is w prime?
True
Is (1636/(-6))/(18/(-27)) prime?
True
Let l(s) = s**3 - 4*s**2 - 2*s + 3. Let v be l(4). Let f be ((-4)/v)/(1/80). Let b = f - 39. Is b prime?
False
Let y(x) be the third derivative of -1/30*x**5 + 2/3*x**3 + 1/12*x**4 + 1/120*x**6 - x**2 + 0 + 0*x. Is y(7) prime?
True
Suppose 5*z = -4*x + 32, 5*x = -z - 0*z + 19. Suppose 395 = 3*l - 2*b, 8*l - 661 = x*l + 2*b. Is l prime?
False
Let c(s) = -s**3 + 10*s**2 + 2*s - 15. Let y be c(10). Suppose -3*a - 12 = 0, -3*a = -b + 31 + y. Let z = b + 7. Is z prime?
True
Let n(s) = s**2 - 9*s + 4. Let x(u) = 2*u**2 - 17*u + 4. Let g(r) = -1. Let l(b) = -5*g(b) + x(b). Let q(v) = 3*l(v) - 5*n(v). Is q(6) a prime number?
True
Let w(v) = 9*v - 13. Let q(n) = -17*n + 26. Let u(i) = 3*q(i) + 5*w(i). Is u(-9) prime?
True
Suppose -5*q + 3*d = -8, 6*q + 3*d = 3*q. Let j = -10 + 30. Suppose -k - q = -j. Is k a prime number?
True
Suppose -3*b + 0*f = -2*f - 22, 0 = 5*b + 2*f - 10. Suppose -z + 5*w = -119, 476 = b*z - 0*z - 4*w. Is z composite?
True
Suppose 3*z + 700 = 7*z. Suppose -5*c + 0 = -z. Is c composite?
True
Let t(v) = 2*v**3 - 3*v**2 - 3*v + 2. Let n be t(5). Suppose 2*a + a - n = 0. Suppose 3*c + 3*u - 61 = 4*u, 0 = 2*c - 4*u - a. Is c prime?
True
Suppose 2*m + 16 = -14. Let b(w) = -w**3 - w**2 + 6*w + 1. Let j be b(-4). Let z = m + j. Is z a composite number?
True
Let t(w) be the first derivative of 5*w**4/2 - w**3/3 - w**2/2 + w + 1. Let j be t(-2). Let z = j - -139. Is z prime?
False
Is 4/(-14) + 2053/7 a composite number?
False
Suppose -3*g - 5*u - 398 = -4605, -4193 = -3*g + 2*u. Is g prime?
True
Let z be 6/(-2)*10/3. Is (-2)/1*265/z a prime number?
True
Let q = 282 + -542. Let o be (-224)/4 - (-1 - -2). Let n = o - q. Is n prime?
False
Let k(g) = g**2 - 1. Suppose 2*m = -m - 3. Let z(r) = -5*r**2 - 7*r + 8. Let o(y) = m*z(y) - 6*k(y). Is o(6) a composite number?
True
Let r = -360 - -947. Is r a prime number?
True
Suppose y = 5*l - 6, 52 = -y + 4*y - l. Suppose 5*p = -4*d + 449, -p + d + 107 = y. Is p a prime number?
True
Let g(y) = y + 1. Let j(c) = -23*c - 6. Let a(s) = -5*g(s) - j(s). Is a(9) composite?
False
Suppose -3*n - 5*d = -0*n - 16, 0 = 2*n - 5*d + 6. Is (-1)/n*(9 + -111) a composite number?
True
Suppose 5*q = 3*t + 4*q - 2450, 0 = -2*t + 5*q + 1616. Is t prime?
False
Let m = 225 + 32. Is m a prime number?
True
Suppose 5*m - 2*m - 6 = 0. Suppose 0*h - 446 = -m*h. Is h a composite number?
False
Is 2 + (-2)/(-5) + (-2546)/(-10) prime?
True
Suppose 6*t - 3*t - 12 = 0. Suppose 31 = -3*j + t*j. Is j composite?
False
Suppose -4*p + 0*p - 76 = 0. Let z = -45 + 79. Let f = p + z. Is f composite?
True
Let q(u) = -2*u**3 - 3*u**2 + 7*u + 5. Let n be q(-6). Let d = -160 + n. Is d a prime number?
True
Suppose 3*s + 90 = h + 6, 5*s - 5*h + 140 = 0. Let k = -14 - s. Is k a composite number?
True
Suppose -p = p + 3*t + 801, 3*t - 831 = 2*p. Let j = p + 701. Is j a prime number?
True
Suppose 0 = 4*t + 2*s - 5240 - 212, -4*s = -3*t + 4067. Is t prime?
True
Let r(j) be the first derivative of j**4/4 + 14*j**3/3 + 7*j**2/2 + 7*j - 2. Is r(-12) composite?
False
Let i be 2/3*(-6)/(-4). Let a(